hat are the prime factors of 585665?
5, 117133
What are the prime factors of 12405463?
7, 1772209
List the prime factors of 217534.
2, 23, 4729
What are the prime factors of 5313372?
2, 3, 442781
What are the prime factors of 293561?
43, 6827
What are the prime factors of 11174352?
2, 3, 7, 4751
What are the prime factors of 82095?
3, 5, 13, 421
List the prime factors of 489065.
5, 97813
What are the prime factors of 1289017?
19, 67843
List the prime factors of 190426.
2, 95213
What are the prime factors of 4920826?
2, 863, 2851
List the prime factors of 39791.
39791
What are the prime factors of 1452292?
2, 67, 5419
What are the prime factors of 1292711?
7, 151, 1223
What are the prime factors of 1049720?
2, 5, 7, 23, 163
List the prime factors of 189377.
189377
List the prime factors of 713438.
2, 11, 32429
List the prime factors of 382349.
11, 34759
List the prime factors of 1704133.
43, 39631
What are the prime factors of 7213923?
3, 419, 1913
List the prime factors of 10561877.
677, 15601
List the prime factors of 1891928.
2, 173, 1367
List the prime factors of 1680158.
2, 449, 1871
What are the prime factors of 240679?
229, 1051
List the prime factors of 18042.
2, 3, 31, 97
What are the prime factors of 252303?
3, 37, 2273
List the prime factors of 6087339.
3, 225457
List the prime factors of 1153395.
3, 5, 19, 71
List the prime factors of 271012.
2, 7, 9679
List the prime factors of 8472459.
3, 59, 151, 317
What are the prime factors of 240478?
2, 7, 89, 193
What are the prime factors of 12085294?
2, 13, 464819
What are the prime factors of 21777495?
3, 5, 1451833
List the prime factors of 2315814.
2, 3, 109, 3541
List the prime factors of 48054.
2, 3, 8009
List the prime factors of 6176159.
11, 19, 29, 1019
List the prime factors of 3319881.
3, 1106627
What are the prime factors of 1083684?
2, 3, 7, 19, 97
What are the prime factors of 4350404?
2, 23, 47287
List the prime factors of 890950.
2, 5, 103, 173
What are the prime factors of 1443381?
3, 43, 67, 167
List the prime factors of 573423.
3, 191141
List the prime factors of 2357350.
2, 5, 47147
List the prime factors of 10173341.
19, 28181
List the prime factors of 751997.
751997
What are the prime factors of 185034?
2, 3, 30839
List the prime factors of 468515.
5, 93703
List the prime factors of 40181156.
2, 10045289
List the prime factors of 9923073.
3, 19, 107, 1627
List the prime factors of 12698821.
19, 193, 3463
What are the prime factors of 594825?
3, 5, 7, 11, 103
What are the prime factors of 668884?
2, 167221
What are the prime factors of 10738231?
7, 47, 127, 257
List the prime factors of 2978421.
3, 19, 52253
List the prime factors of 389463.
3, 131, 991
What are the prime factors of 28387495?
5, 167, 33997
List the prime factors of 47514.
2, 3, 7919
List the prime factors of 2641056.
2, 3, 11, 41, 61
What are the prime factors of 4841033?
113, 42841
What are the prime factors of 1118684?
2, 7, 39953
List the prime factors of 595111.
11, 54101
List the prime factors of 9873125.
5, 15797
What are the prime factors of 4005806?
2, 7, 286129
List the prime factors of 3534831.
3, 392759
What are the prime factors of 1084902?
2, 3, 7, 13, 1987
List the prime factors of 630059.
19, 33161
What are the prime factors of 7021410?
2, 3, 5, 11, 21277
What are the prime factors of 433745?
5, 13, 6673
List the prime factors of 14468.
2, 3617
List the prime factors of 521168.
2, 32573
List the prime factors of 3755083.
3755083
List the prime factors of 243000.
2, 3, 5
List the prime factors of 18737830.
2, 5, 1873783
What are the prime factors of 40925051?
137, 298723
What are the prime factors of 1526047?
389, 3923
List the prime factors of 2740184.
2, 461, 743
What are the prime factors of 10015032?
2, 3, 417293
List the prime factors of 23602186.
2, 23, 389, 1319
List the prime factors of 104870.
2, 5, 10487
List the prime factors of 11360888.
2, 7, 11, 18443
List the prime factors of 16462104.
2, 3, 281, 2441
What are the prime factors of 1090719?
3, 7, 29, 199
What are the prime factors of 451035?
3, 5, 13, 257
List the prime factors of 7535016.
2, 3, 229, 457
What are the prime factors of 368796?
2, 3, 73, 421
What are the prime factors of 9357183?
3, 11, 47, 2011
List the prime factors of 205865.
5, 11, 19, 197
What are the prime factors of 2713911?
3, 904637
What are the prime factors of 10432117?
10432117
List the prime factors of 1958010.
2, 3, 5, 65267
List the prime factors of 436418.
2, 31, 7039
List the prime factors of 7800984.
2, 3, 108347
What are the prime factors of 5595835?
5, 7, 61, 2621
List the prime factors of 187413.
3, 179, 349
What are the prime factors of 748311?
3, 249437
What are the prime factors of 3006769?
19, 8329
What are the prime factors of 38101?
7, 5443
What are the prime factors of 234023?
19, 109, 113
What are the prime factors of 137733?
3, 31, 1481
List the prime factors of 51843.
3, 11, 1571
What are the prime factors of 110206?
2, 55103
List the prime factors of 3034341.
3, 12487
What are the prime factors of 150204?
2, 3, 12517
List the prime factors of 8432433.
3, 936937
List the prime factors of 2544392.
2, 47, 67, 101
List the prime factors of 1860366.
2, 3, 19, 16319
List the prime factors of 42785632.
2, 41, 32611
List the prime factors of 415327.
11, 17, 2221
List the prime factors of 295701.
3, 7, 14081
List the prime factors of 235653.
3, 11, 37, 193
What are the prime factors of 352598?
2, 176299
List the prime factors of 11877475.
5, 17, 27947
What are the prime factors of 136630?
2, 5, 13, 1051
List the prime factors of 409987.
409987
List the prime factors of 1383146.
2, 691573
What are the prime factors of 448592?
2, 23, 53
What are the prime factors of 11039339?
11039339
What are the prime factors of 385843?
385843
List the prime factors of 3655444.
2, 13, 70297
What are the prime factors of 668991?
3, 173, 1289
List the prime factors of 1471106.
2, 7, 13, 59, 137
List the prime factors of 8881901.
7, 1268843
What are the prime factors of 852225?
3, 5, 11, 1033
List the prime factors of 131204.
2, 32801
What are the prime factors of 3108613?
3108613
What are the prime factors of 2309154?
2, 3, 23, 29, 577
List the prime factors of 3632142.
2, 3, 37, 16361
List the prime factors of 2212505.
5, 442501
List the prime factors of 129871.
7, 18553
List the prime factors of 8263505.
5, 1652701
List the prime factors of 253100.
2, 5, 2531
What are the prime factors of 787786?
2, 67, 5879
What are the prime factors of 146292?
2, 3, 73, 167
List the prime factors of 14140113.
3, 13, 307, 1181
List the prime factors of 741172.
2, 127, 1459
List the prime factors of 10037117.
2053, 4889
List the prime factors of 2152792.
2, 59, 4561
List the prime factors of 363699.
3, 7, 23, 251
What are the prime factors of 447315?
3, 5, 11, 2711
List the prime factors of 19364780.
2, 5, 968239
List the prime factors of 4335379.
59, 197, 373
List the prime factors of 276184.
2, 19, 23, 79
List the prime factors of 1928449.
1928449
What are the prime factors of 161004?
2, 3, 13417
What are the prime factors of 2200397?
2200397
List the prime factors of 1813253.
13, 101, 1381
List the prime factors of 977337.
3, 31, 113
What are the prime factors of 5942705?
5, 97, 12253
What are the prime factors of 221508?
2, 3, 7, 293
List the prime factors of 6594998.
2, 3297499
List the prime factors of 5748817.
5748817
List the prime factors of 19484943.
3, 6494981
List the prime factors of 40685.
5, 79, 103
What are the prime factors of 153413?
13, 11801
List the prime factors of 4381451.
863, 5077
What are the prime factors of 29241616?
2, 1039, 1759
What are the prime factors of 1548975?
3, 5, 19, 1087
What are the prime factors of 477156?
2, 3, 17, 2339
What are the prime factors of 1382950?
2, 5, 17, 1627
List the prime factors of 204500.
2, 5, 409
What are the prime factors of 1257137?
7, 179591
What are the prime factors of 328732?
2, 82183
List the prime factors of 595819.
7, 47, 1811
What are the prime factors of 341398?
2, 211, 809
What are the prime factors of 4424304?
2, 3, 92173
List the prime factors of 102549.
3, 34183
List the prime factors of 305996.
2, 227, 337
List the prime factors of 283591.
7, 11, 29, 127
What are the prime factors of 58163